at is the ten thousands digit of 262162?
6
What is the units digit of 20842406?
6
What is the ten thousands digit of 191646?
9
What is the tens digit of 270299?
9
What is the hundreds digit of 825785?
7
What is the tens digit of 404932?
3
What is the units digit of 78553?
3
What is the hundreds digit of 196119?
1
What is the thousands digit of 1136579?
6
What is the hundreds digit of 1508009?
0
What is the hundreds digit of 23840?
8
What is the ten thousands digit of 4599462?
9
What is the thousands digit of 1748083?
8
What is the units digit of 71103?
3
What is the ten thousands digit of 14594097?
9
What is the tens digit of 799807?
0
What is the units digit of 2711179?
9
What is the millions digit of 1787213?
1
What is the thousands digit of 20847618?
7
What is the millions digit of 8050035?
8
What is the ten thousands digit of 1153919?
5
What is the units digit of 4176751?
1
What is the units digit of 405510?
0
What is the units digit of 128212?
2
What is the millions digit of 17135404?
7
What is the units digit of 1782941?
1
What is the tens digit of 677323?
2
What is the hundreds digit of 708434?
4
What is the tens digit of 260174?
7
What is the ten thousands digit of 1793167?
9
What is the thousands digit of 2793463?
3
What is the hundred thousands digit of 957789?
9
What is the thousands digit of 1794964?
4
What is the hundred thousands digit of 536909?
5
What is the millions digit of 3165215?
3
What is the thousands digit of 4669802?
9
What is the hundreds digit of 327230?
2
What is the ten thousands digit of 3149934?
4
What is the tens digit of 607684?
8
What is the hundred thousands digit of 2637800?
6
What is the thousands digit of 32790883?
0
What is the thousands digit of 79289?
9
What is the thousands digit of 279337?
9
What is the units digit of 229888?
8
What is the ten thousands digit of 1642629?
4
What is the thousands digit of 3080538?
0
What is the ten thousands digit of 170305?
7
What is the hundreds digit of 1733046?
0
What is the thousands digit of 126316?
6
What is the hundred thousands digit of 231984?
2
What is the hundreds digit of 972002?
0
What is the thousands digit of 776227?
6
What is the thousands digit of 3246635?
6
What is the hundred thousands digit of 151346?
1
What is the units digit of 986709?
9
What is the units digit of 458241?
1
What is the tens digit of 12387205?
0
What is the thousands digit of 382729?
2
What is the tens digit of 4325745?
4
What is the thousands digit of 1262758?
2
What is the hundreds digit of 28631293?
2
What is the hundred thousands digit of 1081975?
0
What is the ten millions digit of 18046392?
1
What is the units digit of 154860?
0
What is the ten millions digit of 13211584?
1
What is the tens digit of 6951691?
9
What is the thousands digit of 203773?
3
What is the ten thousands digit of 1566983?
6
What is the thousands digit of 752199?
2
What is the hundreds digit of 35234241?
2
What is the units digit of 407979?
9
What is the thousands digit of 14976227?
6
What is the units digit of 4767393?
3
What is the tens digit of 399245?
4
What is the units digit of 37495?
5
What is the millions digit of 8770929?
8
What is the hundreds digit of 232757?
7
What is the hundred thousands digit of 204876?
2
What is the hundred thousands digit of 1422020?
4
What is the hundred thousands digit of 14329327?
3
What is the thousands digit of 218236?
8
What is the millions digit of 16196554?
6
What is the tens digit of 38088612?
1
What is the ten thousands digit of 970731?
7
What is the hundreds digit of 74240?
2
What is the units digit of 49061?
1
What is the hundred thousands digit of 1208113?
2
What is the hundreds digit of 4858186?
1
What is the thousands digit of 18346?
8
What is the millions digit of 4018389?
4
What is the hundred thousands digit of 834707?
8
What is the hundreds digit of 1157144?
1
What is the ten thousands digit of 19107?
1
What is the millions digit of 8371429?
8
What is the ten thousands digit of 1210798?
1
What is the units digit of 129928?
8
What is the ten thousands digit of 18275194?
7
What is the tens digit of 9165418?
1
What is the hundred thousands digit of 40161403?
1
What is the hundreds digit of 4036142?
1
What is the units digit of 249036?
6
What is the thousands digit of 349009?
9
What is the ten thousands digit of 667874?
6
What is the hundreds digit of 640229?
2
What is the thousands digit of 145953?
5
What is the units digit of 706462?
2
What is the thousands digit of 654394?
4
What is the ten millions digit of 25723363?
2
What is the hundreds digit of 25507385?
3
What is the tens digit of 499467?
6
What is the hundreds digit of 3491381?
3
What is the thousands digit of 4817165?
7
What is the hundred thousands digit of 2983097?
9
What is the millions digit of 2512542?
2
What is the millions digit of 7708199?
7
What is the units digit of 4961?
1
What is the tens digit of 182243?
4
What is the thousands digit of 1404880?
4
What is the ten thousands digit of 1652807?
5
What is the hundreds digit of 1101099?
0
What is the tens digit of 2619567?
6
What is the tens digit of 43829?
2
What is the millions digit of 3923384?
3
What is the hundreds digit of 261986?
9
What is the units digit of 12977802?
2
What is the thousands digit of 3771618?
1
What is the tens digit of 4484578?
7
What is the thousands digit of 89874?
9
What is the thousands digit of 164125?
4
What is the thousands digit of 894865?
4
What is the hundred thousands digit of 299082?
2
What is the tens digit of 6897861?
6
What is the hundreds digit of 2835739?
7
What is the units digit of 2811594?
4
What is the tens digit of 13355?
5
What is the tens digit of 632849?
4
What is the units digit of 494206?
6
What is the thousands digit of 10325587?
5
What is the hundred thousands digit of 18889170?
8
What is the tens digit of 190067?
6
What is the thousands digit of 542181?
2
What is the thousands digit of 1556387?
6
What is the tens digit of 2545370?
7
What is the hundreds digit of 1826562?
5
What is the units digit of 17676?
6
What is the hundreds digit of 4054658?
6
What is the tens digit of 7879372?
7
What is the tens digit of 5573084?
8
What is the hundreds digit of 35103140?
1
What is the hundred thousands digit of 25007079?
0
What is the ten thousands digit of 521673?
2
What is the thousands digit of 235477?
5
What is the tens digit of 789891?
9
What is the thousands digit of 386553?
6
What is the hundred thousands digit of 218575?
2
What is the tens digit of 25212573?
7
What is the hundred thousands digit of 114455?
1
What is the hundreds digit of 54325?
3
What is the tens digit of 888587?
8
What is the units digit of 9438632?
2
What is the thousands digit of 39642400?
2
What is the ten thousands digit of 332788?
3
What is the units digit of 436904?
4
What is the tens digit of 20942945?
4
What is the tens digit of 554783?
8
What is the ten thousands digit of 2388058?
8
What is the hundreds digit of 1444205?
2
What is the hundreds digit of 663173?
1
What is the ten thousands digit of 70885?
7
What is the ten thousands digit of 220347?
2
What is the hundred thousands digit of 23284453?
2
What is the hundreds digit of 368739?
7
What is the units digit of 353660?
0
What is the hundreds digit of 2876411?
4
What is the ten thousands digit of 51617?
5
What is the units digit of 5710125?
5
What is the millions digit of 1136135?
1
What is the ten thousands digit of 4268575?
6
What is the ten thousands digit of 683468?
8
What is the hundreds digit of 1324978?
9
What is the hundred thousands digit of 24269885?
2
What is the hundreds digit of 31750214?
2
What is the hundred thousands digit of 403473?
4
What is the thousands digit of 20768?
0
What is the ten thousands digit of 647529?
4
What is the hundreds digit of 166874?
8
What is the units digit of 6233876?
6
What is the thousands digit of 343026?
3
What is the hundreds digit of 3207088?
0
What is the millions digit of 5227465?
5
What is the units digit of 316460?
0
What is the units digit of 325044?
4
What is the hundred thousands digit of 126177?
1
What is the hundreds digit of 7124995?
9
What is the tens digit of 68619?
1
What is the tens digit of 506225?
2
What is the thousands digit of 207080?
7
What is the tens digit of 4981338?
3
What is the uni